{"version":"1.0","provider_name":"Vipservis Blog","provider_url":"https:\/\/www.vipservis.com\/blog","author_name":"Vipservis","author_url":"https:\/\/www.vipservis.com\/blog\/author\/crawk\/","title":"Apple CEO'lu\u011fun\u0131 B\u0131rakan Tim Cook, Son Mesaj\u0131n\u0131 Payla\u015ft\u0131 - Vipservis Blog","type":"rich","width":600,"height":338,"html":"<blockquote class=\"wp-embedded-content\" data-secret=\"ZRhNfsfl5f\"><a href=\"https:\/\/www.vipservis.com\/blog\/apple-ceoluguni-birakan-tim-cook-son-mesajini-paylasti\/\">Apple CEO&#8217;lu\u011fun\u0131 B\u0131rakan Tim Cook, Son Mesaj\u0131n\u0131 Payla\u015ft\u0131<\/a><\/blockquote><iframe sandbox=\"allow-scripts\" security=\"restricted\" src=\"https:\/\/www.vipservis.com\/blog\/apple-ceoluguni-birakan-tim-cook-son-mesajini-paylasti\/embed\/#?secret=ZRhNfsfl5f\" width=\"600\" height=\"338\" title=\"&#8220;Apple CEO&#8217;lu\u011fun\u0131 B\u0131rakan Tim Cook, Son Mesaj\u0131n\u0131 Payla\u015ft\u0131&#8221; &#8212; Vipservis Blog\" data-secret=\"ZRhNfsfl5f\" frameborder=\"0\" marginwidth=\"0\" marginheight=\"0\" scrolling=\"no\" class=\"wp-embedded-content\"><\/iframe><script>\n\/*! This file is auto-generated *\/\n!function(d,l){\"use strict\";l.querySelector&&d.addEventListener&&\"undefined\"!=typeof URL&&(d.wp=d.wp||{},d.wp.receiveEmbedMessage||(d.wp.receiveEmbedMessage=function(e){var t=e.data;if((t||t.secret||t.message||t.value)&&!\/[^a-zA-Z0-9]\/.test(t.secret)){for(var s,r,n,a=l.querySelectorAll('iframe[data-secret=\"'+t.secret+'\"]'),o=l.querySelectorAll('blockquote[data-secret=\"'+t.secret+'\"]'),c=new RegExp(\"^https?:$\",\"i\"),i=0;i<o.length;i++)o[i].style.display=\"none\";for(i=0;i<a.length;i++)s=a[i],e.source===s.contentWindow&&(s.removeAttribute(\"style\"),\"height\"===t.message?(1e3<(r=parseInt(t.value,10))?r=1e3:~~r<200&&(r=200),s.height=r):\"link\"===t.message&&(r=new URL(s.getAttribute(\"src\")),n=new URL(t.value),c.test(n.protocol))&&n.host===r.host&&l.activeElement===s&&(d.top.location.href=t.value))}},d.addEventListener(\"message\",d.wp.receiveEmbedMessage,!1),l.addEventListener(\"DOMContentLoaded\",function(){for(var e,t,s=l.querySelectorAll(\"iframe.wp-embedded-content\"),r=0;r<s.length;r++)(t=(e=s[r]).getAttribute(\"data-secret\"))||(t=Math.random().toString(36).substring(2,12),e.src+=\"#?secret=\"+t,e.setAttribute(\"data-secret\",t)),e.contentWindow.postMessage({message:\"ready\",secret:t},\"*\")},!1)))}(window,document);\n\/\/# sourceURL=https:\/\/www.vipservis.com\/blog\/wp-includes\/js\/wp-embed.min.js\n<\/script>\n","thumbnail_url":"https:\/\/www.vipservis.com\/blog\/wp-content\/uploads\/2026\/09\/680396-1200x675-1.jpg","thumbnail_width":600,"thumbnail_height":338,"description":"15 y&#305;ld&#305;r Apple CEO&rsquo;lu&#287;u yapan Tim Cook&rsquo;un g&ouml;revi bug&uuml;n (1 Eyl&uuml;l) itibar&#305;yla resmen sona eriyor. Cook, yerini &#351;irketin donan&#305;m b&ouml;l&uuml;m&uuml;n&uuml;n y&ouml;neticili&#287;ini yapan John Ternus&rsquo;a b&#305;rakacak. &Uuml;nl&uuml; i&#351; insan&#305;, g&ouml;revini devretmeden &ouml;nce hem &ccedil;al&#305;&#351;anlara hem de m&uuml;&#351;terilerine y&ouml;nelik mesajlar yay&#305;mlad&#305;. &#304;&ccedil;erikten G&ouml;rseller &times; + &minus; &lsaquo; &rsaquo; Cook; 2011 y&#305;l&#305;ndan bu yana Apple&rsquo;&#305;n en &uuml;st d&uuml;zey [&hellip;]"}

Apple CEO'luğunı Bırakan Tim Cook, Son Mesajını Paylaştı - Vipservis Blog

<blockquote class="wp-embedded-content" data-secret="ZRhNfsfl5f"><a href="https://www.vipservis.com/blog/apple-ceoluguni-birakan-tim-cook-son-mesajini-paylasti/">Apple CEO&#8217;luğunı Bırakan Tim Cook, Son Mesajını Paylaştı</a></blockquote><iframe sandbox="allow-scripts" security="restricted" src="https://www.vipservis.com/blog/apple-ceoluguni-birakan-tim-cook-son-mesajini-paylasti/embed/#?secret=ZRhNfsfl5f" width="600" height="338" title="&#8220;Apple CEO&#8217;luğunı Bırakan Tim Cook, Son Mesajını Paylaştı&#8221; &#8212; Vipservis Blog" data-secret="ZRhNfsfl5f" frameborder="0" marginwidth="0" marginheight="0" scrolling="no" class="wp-embedded-content"></iframe><script>
/*! This file is auto-generated */
!function(d,l){"use strict";l.querySelector&&d.addEventListener&&"undefined"!=typeof URL&&(d.wp=d.wp||{},d.wp.receiveEmbedMessage||(d.wp.receiveEmbedMessage=function(e){var t=e.data;if((t||t.secret||t.message||t.value)&&!/[^a-zA-Z0-9]/.test(t.secret)){for(var s,r,n,a=l.querySelectorAll('iframe[data-secret="'+t.secret+'"]'),o=l.querySelectorAll('blockquote[data-secret="'+t.secret+'"]'),c=new RegExp("^https?:$","i"),i=0;i<o.length;i++)o[i].style.display="none";for(i=0;i<a.length;i++)s=a[i],e.source===s.contentWindow&&(s.removeAttribute("style"),"height"===t.message?(1e3<(r=parseInt(t.value,10))?r=1e3:~~r<200&&(r=200),s.height=r):"link"===t.message&&(r=new URL(s.getAttribute("src")),n=new URL(t.value),c.test(n.protocol))&&n.host===r.host&&l.activeElement===s&&(d.top.location.href=t.value))}},d.addEventListener("message",d.wp.receiveEmbedMessage,!1),l.addEventListener("DOMContentLoaded",function(){for(var e,t,s=l.querySelectorAll("iframe.wp-embedded-content"),r=0;r<s.length;r++)(t=(e=s[r]).getAttribute("data-secret"))||(t=Math.random().toString(36).substring(2,12),e.src+="#?secret="+t,e.setAttribute("data-secret",t)),e.contentWindow.postMessage({message:"ready",secret:t},"*")},!1)))}(window,document);
//# sourceURL=https://www.vipservis.com/blog/wp-includes/js/wp-embed.min.js
</script>
